?
True
Is 1*100012 + 216/(-24) a composite number?
False
Let j(w) = -2*w**2 - 3*w + 3. Suppose 5*v + 5*s - 2*s = 40, 0 = -4*s + 20. Let y be j(v). Is 3 + (3 - 10) - y a composite number?
True
Let v be -4 - (3 - 6 - 126). Let j = v + -41. Is 34740/j - (-4)/(-7) a composite number?
True
Is -2 + 3 - (-4 + -6 + -5450) a prime number?
False
Suppose b - 10377 = -2*f, -2*b - 4*f = -8*f - 20722. Is b composite?
False
Suppose 36932 + 14009 = 11*h. Is h composite?
True
Let j = 1011 - 572. Suppose j - 2143 = -12*k. Is k composite?
True
Let u = -14663 - -8085. Is 6/9 + u/(-6) a prime number?
True
Let l(i) = 14*i**2 + 4*i - 6. Let o(d) be the first derivative of -13*d**3/3 - 5*d**2/2 + 7*d - 3. Let v(b) = 6*l(b) + 5*o(b). Is v(-4) composite?
False
Let v(b) = 33*b**3 + 2*b - 1. Let f be v(1). Suppose 2*m + 42 = 2*i - f, 5*i + 5*m - 180 = 0. Is i composite?
False
Let h(v) = -v - 10. Let q be h(-9). Is 2609*q*1*(-14 - -13) prime?
True
Let p = 21244 - 9567. Is p composite?
False
Suppose 2 + 7 = 3*l - 5*j, -j = 0. Let h be 2 - (-173 - (l - 5)). Is h/5 + (-9)/15 prime?
False
Suppose -6 = -3*y, u = 2*u - 3*y + 5737. Let i be 6/(-2) + u/(-11). Is 3/12 + i/8 prime?
False
Suppose v - 3*u + 1 - 10 = 0, -5*v = 2*u - 11. Suppose -3*g + 2*g + v*z + 84 = 0, 4*g = -z + 375. Is g a prime number?
False
Suppose 3*x - 41 = x + 5*v, 5*x - 45 = v. Suppose x*z = -14597 + 77805. Is z composite?
False
Suppose 2*i = -3*w + 269, -313 = -3*w + 2*i - 60. Is w a composite number?
True
Suppose 3*h - 12 = -0. Let g(m) = 221*m**3 + 3*m**2 + 5*m - 1. Let u be g(h). Is u/54 + 1/(-6) prime?
True
Let r(a) be the third derivative of -983*a**4/24 - 8*a**3/3 + 7*a**2. Is r(-3) a composite number?
True
Let c be 23484/10 - (-2)/(-5). Let u(n) = 3*n**2 - n + 1. Let p be u(1). Suppose p*y + y = c. Is y a composite number?
False
Let n = 112 - 111. Is 54/(-66) + n + 2759/11 composite?
False
Suppose -4*f = -3*u - 1279, -f - 3*u = -8*u - 324. Is f composite?
True
Let h be (-34)/(-9) - 10/(-45). Suppose 179 = f + 2*p - 134, -1262 = -h*f - 3*p. Is f a prime number?
True
Suppose x - 10 + 6 = 0. Is 293/((-3 - x/(-2))/(-2)) composite?
True
Let m(q) = -202*q - 59. Is m(-9) prime?
True
Let t = -47 + 51. Suppose -2*i - j + 701 = -0*j, i - t*j = 373. Is i a prime number?
True
Suppose 19359 = -8*f + 246103. Is f a prime number?
False
Let h(f) = -39*f + 10. Let n(p) = 118*p - 29. Let u(y) = 11*h(y) + 4*n(y). Let q(s) = -s - 1. Let r be q(-10). Is u(r) a prime number?
False
Let v(x) = -x**2 + 5*x - 18. Let t be v(5). Let r(s) = -2*s + 17. Is r(t) prime?
True
Suppose 4*l + 4*l = 3568. Let r = l + -233. Is r composite?
True
Let o(t) be the second derivative of -t**5/20 + 5*t**4/12 + 4*t**3/3 - 5*t**2/2 + 9*t. Let p be -1*6/2*-2. Is o(p) a composite number?
False
Suppose -8*v - 14133 = -11*v. Is v a prime number?
False
Is (-15639)/(-18) + (1/6 - 0) prime?
False
Let k(l) = -323 + l**3 + 323 - 8*l**2. Let w be k(8). Suppose 3168 = 4*p - w*n + 4*n, 3*p - 2356 = n. Is p prime?
True
Let r = 60606 - 34943. Is r composite?
True
Let h = -3770 + 14415. Is h a prime number?
False
Let r(m) = -2*m + 1. Let c be r(0). Suppose 8 = 3*g - c. Suppose 508 = g*s - 839. Is s composite?
False
Let o = -7 + 8. Let s be 9/3 - (o + -252). Suppose 0 = -u - u + s. Is u a composite number?
False
Let u(z) = -2*z**2 + 15*z - 3. Let j be u(7). Suppose j*f + 669 = 7*f. Is f a composite number?
False
Let u(j) be the first derivative of 14*j**3/3 + 13*j**2 + 15*j - 1. Is u(-7) a composite number?
True
Let j be 3/(-6)*(1 - 9). Suppose 5*f = -4*x + 10, -4*x + 12 = -0*f + j*f. Suppose 4*r - 5*l - 355 = 0, 2*l - 9 = x*l. Is r a prime number?
False
Let c = -122085 - -171548. Is c a composite number?
False
Suppose 0 = -2*r - 5*t + 3042, 44*r - 7575 = 39*r - 5*t. Is r composite?
False
Suppose -70*w + 2840 = -62*w. Is w composite?
True
Suppose 5*s - 4*h - 4 = 0, -2*s - 2*h = 3*h + 5. Let x(v) = 2*v**2 - 3*v + 563. Is x(s) prime?
True
Let l = 7438 - 2567. Is l composite?
False
Let r(u) = -u**2 + 12*u - 22. Let z be r(9). Suppose -w - 20 = -z*w. Suppose -85 = w*p - 970. Is p a composite number?
True
Let n = 3367 - 1998. Is n a prime number?
False
Is 36/(-18)*(-2 + (-1359)/6) prime?
True
Let z(w) be the third derivative of -w**5/60 - 7*w**4/8 - w**3/6 + 28*w**2. Is z(-14) prime?
True
Let v = 473 - 791. Let g = -81 - v. Is g a composite number?
True
Let u be 5 + (12/(-4) - -4). Suppose 5*t - u = 3*t. Suppose 1075 = 8*v - t*v. Is v a prime number?
False
Suppose -u - 170 = 2*w + 3*u, 267 = -3*w - 3*u. Let n = w - -168. Suppose -2530 = -5*v + n. Is v composite?
False
Let d be ((-980)/(-30))/(2/(-6)). Let q = d + 193. Suppose -q - 213 = -4*w. Is w prime?
False
Let k(h) = 44*h**3 + h**2 - 2*h - 1. Let t be k(-2). Let b = 484 + t. Suppose 11*s = 10*s + b. Is s a composite number?
False
Let l(v) = v**2 - 2*v + 631. Is l(0) a composite number?
False
Let n(q) be the second derivative of 3/2*q**3 - 1/2*q**2 + 0 + 10*q + 5/6*q**4. Is n(6) prime?
False
Suppose -5*g - 28594 = -3*w, 19*w - 14*w - 47661 = 4*g. Is w prime?
True
Let b(l) = 22*l**2 + 11*l - 37. Is b(6) a prime number?
True
Let t = 10995 - -7952. Is t prime?
True
Suppose -9*i = -13*i + 1024. Suppose 416 + i = 4*p. Suppose 2*r - s - p = 0, -6 = -4*s + 2. Is r a composite number?
True
Let o(l) = l**3 - 4*l**2 + 2*l - 2. Let z be o(3). Let g(i) = -15*i**2 + 3*i - 2. Let m be g(z). Let f = -247 - m. Is f a composite number?
True
Let d(s) = 2*s**2 + 6*s + 16. Let b be d(-7). Let g be (4/6)/(16/b). Suppose p = g*w - 3*p - 670, -w + 234 = 4*p. Is w a composite number?
True
Let q be (0 + 0)/(22/(-11)). Let g = q - 10. Is (-4)/g - (-11178)/30 a composite number?
False
Is (-2042)/30*-43 + 20/150 prime?
True
Is 50336 - ((-6)/(-15))/(8/60) a prime number?
True
Let v(t) = 4*t**3 + 16*t**2 + 43*t + 47. Is v(22) composite?
False
Suppose -15*r - 5 = -10*r. Is (-1346)/4*(r + 5 + -6) a composite number?
False
Let x(j) = -j**3 + 3*j**2 - 4*j + 4. Let y be x(2). Suppose y = 5*c - 2660 + 550. Is c a prime number?
False
Let f(d) = -d**2 - 4*d + 7. Let t be f(-5). Suppose -t*u + 2*q = -438, -q - 3*q = 3*u - 678. Suppose u = 4*k + 2*l, -3*l = -1 + 10. Is k prime?
False
Let l(q) = -4*q + 4. Let c(n) = 7*n - 8. Let u(r) = -6*c(r) - 11*l(r). Let d be u(-7). Is d/(-40) + 1462/8 a composite number?
True
Let r be 4/(-18) + (-781)/9. Let l = r - -247. Let c = 231 - l. Is c a composite number?
False
Let i(a) = -2*a**3 + 8*a**2 + 9*a + 3. Let j be i(-4). Suppose -j + 858 = f. Is f a prime number?
False
Suppose 0 = 2*w - n - 2453 + 670, w + 4*n - 905 = 0. Is w a prime number?
False
Suppose 3*j + 16 = j. Let r be (-4)/16 - 170/j. Suppose -5*v + 255 = 2*p - r, 4*p + 5*v - 562 = 0. Is p prime?
False
Let h(v) = -v**3 - 8*v**2 - 9*v - 15. Let b be h(-7). Is 1258 - (-3 + (1 - b)) composite?
False
Let i = 1492 + -285. Is i composite?
True
Let d be ((-3222)/(-54))/(1/144*1). Suppose -k - 4*z = -2157, -4*k + 5*z + d = 3*z. Is k a composite number?
True
Is 6/(-8) - 2/((-40)/8875) a composite number?
False
Let l(r) be the second derivative of r**5/20 - 5*r**4/12 + 5*r**3/6 + 4*r**2 + r. Is l(5) a composite number?
True
Suppose -2*m = -95 + 27. Let z be (-2)/(-10) - m/(-5). Suppose 5*d - 1014 = -4*x, z*x - 5*x = -5*d + 512. Is x a composite number?
False
Let c(l) = -821*l**3 - 6*l**2 + 7*l + 13. Is c(-4) composite?
False
Let q = 42778 + -28299. Is q composite?
False
Suppose -2*s + s = 5*b - 24, -16 = -3*s - b. Suppose s*a - 483 = -3*l - 55, -l - 308 = -3*a. Let g = a - 35. Is g prime?
False
Let s(g) = -6*g**3 + 4*g - 623. Let f(q) = 5*q**3 - 3*q + 623. Let j(k) = 5*f(k) + 4*s(k). Let l be j(0). Suppose 4*t = l + 5. Is t a prime number?
True
Let w(k) = -k**3 - 17*k**2 - k - 21. Let q be w(-17). Let t be 511 + q/(2/1). Suppose -m = -2*m + t. Is m prime?
True
Suppose j - 4*j + 3*z - 9 = 0, 15 = 5*j + 5*z. Let m be (8*-4)/(-4) + j. Is 218*2 + 8/m prime?
False
Let k be (-2)/(-10) + (277705/(-25) - 0). Is (k/(-24))/(2/12) composite?
False
Let z(v) = -v**3 - 15*v**2 + 34*v + 4. Let d be z(-17). Suppose d*q - 9 = 7*q, 5*s + 4*q - 3223 = 0. Is s a prime number?
True
Let x = -4005 - -8148. Suppose -x = -5*k + 2*k. Is k composite?
False
Suppose -4*l = l + 4*n - 42501, -2*l + 3*n = -17005. Is l composite?
False
Suppose 2*g = -4*p + g + 608, -4*g = p - 137. Let l = 10